?
False
Is 11593 a composite number?
False
Is 80137 prime?
False
Is 18807 a composite number?
True
Is 1995791 prime?
False
Is 204037 a composite number?
True
Is 795979 composite?
False
Is 690689 a prime number?
True
Is 1889 a prime number?
True
Is 96874 composite?
True
Is 456679 a prime number?
True
Is 1280267 a composite number?
False
Is 622007 a prime number?
False
Is 458917 prime?
True
Is 1034801 a composite number?
True
Is 8483 a prime number?
False
Is 286801 prime?
True
Is 136699 a composite number?
True
Is 1163821 composite?
False
Is 15401 composite?
False
Is 652193 a composite number?
True
Is 8197 a composite number?
True
Is 164323 a composite number?
True
Is 4049 a prime number?
True
Is 63029 a composite number?
False
Is 907697 composite?
True
Is 1562489 a prime number?
False
Is 1006 a composite number?
True
Is 10123 a composite number?
True
Is 41999 a prime number?
True
Is 9569 composite?
True
Is 904381 composite?
True
Is 30577 a composite number?
False
Is 500753 composite?
True
Is 6101 prime?
True
Is 8561 composite?
True
Is 499 prime?
True
Is 2897 a prime number?
True
Is 149 a prime number?
True
Is 66221 prime?
True
Is 125777 a composite number?
False
Is 446731 composite?
False
Is 331739 prime?
True
Is 23311 prime?
True
Is 535991 a prime number?
True
Is 37307 a composite number?
False
Is 9722 a prime number?
False
Is 163307 a prime number?
True
Is 5163 a prime number?
False
Is 3109 composite?
False
Is 485201 composite?
False
Is 3641 a prime number?
False
Is 130173 prime?
False
Is 197818 prime?
False
Is 37033 prime?
False
Is 8997 composite?
True
Is 174809 prime?
False
Is 16753 a prime number?
False
Is 181957 composite?
False
Is 11249 a prime number?
False
Is 9577 composite?
True
Is 7499 a composite number?
False
Is 12982 prime?
False
Is 907 composite?
False
Is 20287 composite?
False
Is 365191 a prime number?
False
Is 11017 composite?
True
Is 319783 composite?
True
Is 2441 a composite number?
False
Is 66001 prime?
False
Is 7377 a composite number?
True
Is 179347 a prime number?
False
Is 35209 composite?
True
Is 9235 a prime number?
False
Is 46415 a prime number?
False
Is 2230339 composite?
False
Is 823231 composite?
False
Is 1334903 a composite number?
False
Is 200927 composite?
False
Is 89459 a composite number?
False
Is 56333 a prime number?
True
Is 414157 a composite number?
False
Is 90149 a prime number?
True
Is 10771 a composite number?
False
Is 59593 a composite number?
True
Is 1909 composite?
True
Is 44249 prime?
True
Is 10078 a prime number?
False
Is 644065 a prime number?
False
Is 3142 prime?
False
Is 126961 prime?
True
Is 3825995 composite?
True
Is 4759 a prime number?
True
Is 13982 prime?
False
Is 192859 a prime number?
True
Is 179506 prime?
False
Is 4703 prime?
True
Is 10559 a composite number?
False
Is 220463 prime?
False
Is 1152241 a prime number?
False
Is 113255 a composite number?
True
Is 80621 composite?
False
Is 264777 composite?
True
Is 168013 composite?
False
Is 56873 prime?
True
Is 6131 prime?
True
Is 14347 prime?
True
Is 52843 composite?
True
Is 843485 prime?
False
Is 2246451 a prime number?
False
Is 132509 prime?
False
Is 9179 composite?
True
Is 81509 composite?
False
Is 13681 prime?
True
Is 29969 composite?
True
Is 315409 a composite number?
False
Is 252899 composite?
False
Is 4741 a prime number?
False
Is 5147 composite?
False
Is 33206 prime?
False
Is 60193 prime?
False
Is 34879 a composite number?
True
Is 63881 composite?
True
Is 1261 a composite number?
True
Is 43601 a prime number?
False
Is 459421 a prime number?
True
Is 6463 prime?
False
Is 556159 a composite number?
False
Is 12841 a prime number?
True
Is 18667 a prime number?
False
Is 2986 a composite number?
True
Is 9199 a composite number?
False
Is 14765 a prime number?
False
Is 110251 prime?
True
Is 942421 composite?
True
Is 129299 prime?
False
Is 194651 prime?
False
Is 87767 a prime number?
True
Is 29623 composite?
True
Is 78863 prime?
False
Is 8503403 a composite number?
False
Is 306271 a composite number?
True
Is 5923 a prime number?
True
Is 34291 a prime number?
False
Is 110119 composite?
False
Is 162209 prime?
True
Is 289211 composite?
True
Is 106709 a composite number?
True
Is 25813 a prime number?
False
Is 1130921 composite?
True
Is 184901 prime?
True
Is 82277 a prime number?
False
Is 9587 prime?
True
Is 538971 a prime number?
False
Is 683119 prime?
True
Is 12689 prime?
True
Is 2022139 composite?
True
Is 53 a prime number?
True
Is 849691 a composite number?
False
Is 514223 a composite number?
True
Is 141299 prime?
False
Is 1994299 composite?
False
Is 73277 a prime number?
True
Is 9089 prime?
False
Is 332147 prime?
True
Is 1847 a composite number?
False
Is 1031 a composite number?
False
Is 19487 prime?
False
Is 59921 composite?
False
Is 11369 composite?
False
Is 75479 prime?
True
Is 380717 a composite number?
True
Is 161201 prime?
True
Is 497597 prime?
True
Is 338027 a composite number?
False
Is 12661 prime?
False
Is 9293 a composite number?
False
Is 2234 a composite number?
True
Is 13501 prime?
False
Is 4411531 a prime number?
True
Is 6499 a composite number?
True
Is 23315 a composite number?
True
Is 919 a composite number?
False
Is 22799 composite?
True
Is 456319 a composite number?
True
Is 25385 prime?
False
Is 41887 prime?
True
Is 79771 a composite number?
True
Is 1007117 prime?
True
Is 19553 a composite number?
False
Is 110373 a prime number?
False
Is 337273 composite?
True
Is 99001 a prime number?
False
Is 159481 prime?
False
Is 108247 composite?
False
Is 7117 a composite number?
True
Is 605041 a prime number?
False
Is 5167 a prime number?
True
Is 33637 composite?
False
Is 15689 composite?
True
Is 24329 a composite number?
False
Is 6089 a composite number?
False
Is 152885 a prime number?
False
Is 34037 a composite number?
True
Is 19567 composite?
True
Is 292177 a prime number?
False
Is 7274 composite?
True
Is 140759 prime?
True
Is 122123 a composite number?
True
Is 371333 a prime number?
True
Is 22469 a prime number?
True
Is 8093 prime?
True
Is 2183 a prime number?
False
Is 40739 a prime number?
True
Is 217 composite?
True
Is 52495 a composite number?
True
Is 12439 prime?
False
Is 539039 a prime number?
True
Is 3755 composite?
True
Is 438923 composite?
True
Is 969799 a prime number?
False
Is 80763 a prime number?
False
Is 1499 a prime number?
True
Is 3274 composite?
True
Is 5167 a composite number?
False
Is 13513 prime?
True
Is 419383 prime?
True
Is 124087 prime?
True
Is 4837 composite?
True
Is 4511 composite?
True
Is 45383 composite?
True
Is 806163 a prime number?
False
Is 1103669 prime?
False
Is 2612541 prime?
False
Is 14513 prime?
False
Is 13645 prime?
False
Is 19919 a composite number?
False
Is 5793 composite?
True
Is 2021291 prime?
True
Is 1860377 a prime number?
True
Is 321779 prime?
True
Is 31397 a prime number?
True
Is 14983 a prime number?
True
Is 6022 a composite number?
True
Is 9181 a prime number?
True
Is 175699 a prime number?
True
Is 64367 a prime number?
False
Is 112163 a composite number?
False
Is 109651 a prime number?
False
Is 309003 a prime number?
False
Is 9346 composite?
True
Is 28459 a prime number?
False
Is 283963 a composite number?
True
Is 197507 prime?
True
Is 982331 a composite number?
True
Is 180137 a composite number?
False
Is 143617 composite?
False
Is 581717 composite?
True
Is 7393 a prime number?
True
Is 7009 a prime number?
False
Is 35023 composite?
False
Is 35251 a prime number?
True
Is 4751 composite?
False
Is 36167 a prime number?
False
Is 8879 a composite number?
True
Is 5806329 prime?
False
Is 1781 a prime number?
False
Is 206 composite?
True
Is 61715 prime?
False
Is 93859 composite?
True
Is 1087 a composite number?
False
Is 53293 prime?
False
Is 71317 a composite number?
False
Is 148663 a composite number?
False
Is 26929 a prime number?
False
Is 75661 prime?
False
Is 33907 a prime number?
False
Is 394409 a prime number?
True
Is 64507 composite?
True
Is 944773 prime?
True
Is 198593 composite?
False
Is 1117 prime?
True
Is 3571 a prime number?
True
Is 973307 a prime number?
False
Is 24649 a prime number?
False
Is 1397 prime?
False
Is 1439 a prime number?
True
Is 503641 prime?
False
Is 547763 a prime number?
True
Is 22367 composite?
False
Is 16631 a composite number?
False
Is 49453 composite?
True
Is 3